41. Let z = r + 63. What is the tens digit of z?
3
What is the units digit of (-4)/((-1)/1) + 0?
4
Let d be (-14)/(-35) - (-3)/5. Let j be (-2*1 - -1)*d. Let h(z) = 13*z**2 - 1. What is the tens digit of h(j)?
1
What is the hundreds digit of (1 + -1 - (-16)/32)*398?
1
Let t = 10 + -17. Let l(y) = -y**3 + y. Let o(w) = 7*w**3 + 6*w**2 - 15*w - 8. Let k(v) = 6*l(v) + o(v). What is the units digit of k(t)?
6
What is the units digit of 3 - (4 + -8) - 3?
4
Suppose -4*d - 2*r + 24 = 0, 1 = -5*d + 4*d + 3*r. Let n(v) = d + 11*v + v**2 + 3 + 0. What is the units digit of n(-11)?
8
Let u(c) = -c**2 + c. Let n(a) = 5*a**2 - 6*a + 4. Let d(b) = -n(b) - 6*u(b). What is the units digit of d(-5)?
1
Suppose -5*w + 155 = -15. Suppose -3*j + 5*j - 8 = 0. Suppose 2 = j*m - w. What is the units digit of m?
9
Suppose -2*b + 171 = 3*r, -b + 69 = -0*b - 4*r. What is the tens digit of b?
8
Suppose s - 5*s - 5*p + 2 = 0, 0 = p + 2. Let k = -96 - -99. What is the units digit of (s + -4)*(-18 + k)?
5
Let p(g) = -g**3 - 8*g**2 - 11*g - 10. Let t(u) = 2*u**3 + 15*u**2 + 23*u + 21. Let l(m) = -5*p(m) - 2*t(m). What is the units digit of l(-9)?
8
Suppose -q - 5*q + 36 = 0. What is the units digit of q?
6
Let y(z) = 29*z + 1. Let t be y(6). Suppose -154 = -2*n - l, 3*n - 3*l = 38 + t. Suppose -3*p + 8*p = n. What is the units digit of p?
5
Suppose -3 = -3*z + 6*z. What is the units digit of -2 + (18 - 2) - z?
5
Suppose -7*c = -5*c - 60. What is the units digit of c?
0
Let z = 277 + -39. What is the units digit of z?
8
Let c(a) = -5*a + 3*a - 2 + 4*a - 6*a. Let p = -7 - -2. What is the units digit of c(p)?
8
Suppose 281 = 5*t - 74. What is the units digit of t?
1
What is the tens digit of ((-15)/(-10))/(1 - 242/248)?
6
Let n = -174 + 326. What is the units digit of n?
2
Suppose -166 = -z - w, -w - 812 = -4*z - z. What is the hundreds digit of z?
1
Let u(i) = i**2 + 2*i - 3. Let h be u(-3). Suppose h*z = 4*z. Suppose 0 = -3*v - z + 6. What is the units digit of v?
2
Suppose 6*b = 74 + 40. What is the tens digit of b?
1
Suppose -t = -3*t. Suppose 2*s = 2 - t, 5*o - 290 = -5*s. What is the units digit of o?
7
Suppose 4*o = -4*t + 2*t + 688, -854 = -5*o - 4*t. What is the tens digit of o?
7
Let o(z) be the first derivative of -z**4/4 - 5*z**3/3 + 5*z**2/2 + 1. What is the units digit of o(-6)?
6
Let l(p) = 14*p**3 + 5*p**2 - 5*p + 1. What is the tens digit of l(2)?
2
Suppose 5*v - 10 = -0*v + 4*w, -3*v = -5*w - 6. Suppose 0 = -3*o - 3*x + 12, 0 = v*o - 3*x - 8. What is the units digit of o?
4
Let y = -11 - -7. What is the units digit of y/(-6) - (-595)/21?
9
Let w be (-6 + 5)*(-2 + -14). Suppose 3*h + 3*v - 3 = 0, 0 = -3*h + 7*h - 2*v - w. Suppose -h*x + 0*x = -27. What is the units digit of x?
9
Let v(n) = 7*n + 4. Let u be v(-1). Let r(o) = 2*o - 3 - 5*o**3 + 4*o**3 - o**3 - 3*o**2. What is the units digit of r(u)?
8
Suppose -v - 1 + 0 = 0. What is the units digit of (70/25)/(v/(-5))?
4
Let z = -27 + 34. What is the units digit of z?
7
Suppose -4*z - 5*p + 45 = -34, 4*z - 5*p - 89 = 0. Let y = z + 3. What is the units digit of y?
4
Let s = 74 + -31. What is the tens digit of s?
4
Let l(c) = -c**2 + 9*c - 4. Let t(u) = u**3 - 6*u**2 + 5*u + 7. Let y be t(5). What is the units digit of l(y)?
0
Let a(j) = j**3 - 3*j**2 + 4*j - 3. What is the units digit of a(5)?
7
Let q(x) = -x**2 - 12*x + 1. What is the tens digit of q(-9)?
2
Let w(c) be the first derivative of 1/2*c**2 - 5*c - 1. What is the units digit of w(6)?
1
Suppose 0 = 2*m - 4, 0*t + t - 5*m = 122. What is the hundreds digit of t?
1
Let b = -19 - -22. Let u(f) = 4*f**2 - 3*f + 1. What is the tens digit of u(b)?
2
Suppose -25*x + 30*x - 360 = 0. What is the units digit of x?
2
Suppose a + 3 = 2, 0 = 3*b - 2*a - 62. Suppose -5*r + 15 = -0*r. Suppose -i = -r*o - b, 3*o - 4*o = -3*i + 20. What is the units digit of i?
5
Let z(f) = -f**2 - f + 20. Let b be z(0). What is the units digit of (b/(-6))/((-2)/3)?
5
Suppose -4 = 4*b, -5*m - 3*b + 165 = 2*b. What is the tens digit of m?
3
Let l = -136 + 205. What is the tens digit of l?
6
Let p = -27 - -14. Let g be (p + -5)*(-1)/2. Let m = 22 - g. What is the tens digit of m?
1
Let c be (4/6)/(14/63). Suppose 4*o - c*o - 33 = 0. What is the tens digit of o?
3
Let b(o) = o**3 - 8*o**2 - 4*o - 5. What is the tens digit of b(9)?
4
Let s be (-4 + 5)*(-10)/(-2). Suppose -3*n + 84 = -d + 15, 46 = 2*n - s*d. What is the tens digit of n?
2
Let g be (-1048)/(-28) - 3/7. Let j = -20 + g. What is the units digit of j?
7
Let i(r) = -31*r**3 + r**2 + r - 1. Let k be i(1). What is the tens digit of (k/12)/((-2)/8)?
1
Let i(l) = l**3 - 26*l**2 + 4*l + 51. What is the units digit of i(26)?
5
Let j be (-4)/16 + 286/(-8). Let f = j - -73. What is the units digit of f?
7
Let a(c) be the third derivative of -c**5/60 + 13*c**4/24 - 11*c**3/6 + 5*c**2. What is the units digit of a(5)?
9
Suppose 5*u + 8 = -5*p - 7, -9 = 3*p. Suppose 4*c + 40 = 5*k - 35, u = -k - 5*c - 14. What is the tens digit of k?
1
Suppose 114 = 2*u - u - y, -5*u = -3*y - 560. What is the hundreds digit of u?
1
Let q be 1 + (-441)/3 - 2. What is the units digit of 2/(-6) + q/(-12)?
2
Suppose 0 = 4*x - 5 - 3. Suppose -3 = x*u - 15. What is the units digit of u?
6
Let i be 2*(3 - 3/(-6)). Let o = 11 - i. What is the units digit of o?
4
Let f(d) = -d**2 - 13*d + 7. What is the units digit of f(-11)?
9
Suppose -a + 138 = 2*u, -339 = -5*u - 0*u - a. What is the tens digit of u?
6
Let z be 154/6 - 2/(-6). Suppose z + 19 = 5*f. What is the units digit of f?
9
Suppose -3*x + 12 = -h, -2 = -5*h + x - 6. Let q = h + 3. Suppose -2*b + q = b. What is the units digit of b?
1
Let v(i) = i + 1. Suppose 11 = -3*s + 41. What is the units digit of v(s)?
1
Let b(c) = -12*c - 7. Let h(r) = -11*r - 12. Let i(q) = -5*q - 6. Let p(z) = 6*h(z) - 11*i(z). Let f(k) = 5*b(k) - 6*p(k). What is the tens digit of f(3)?
1
Let u be -27 + 3 + -1 - 3. What is the units digit of (30/12)/((-2)/u)?
5
Let i(a) = 26*a + 4. What is the hundreds digit of i(5)?
1
Suppose 3*x + 7 = 301. What is the tens digit of x?
9
Let j(q) be the first derivative of -q**2 + 3*q**2 + 0 - q + 3. What is the units digit of j(1)?
3
Suppose 0 = 12*d - 72. What is the units digit of d?
6
Let q be 3 + 0/(-1) - 0. Suppose q*v - 142 = -2*v - 3*h, -2*v + 5*h + 32 = 0. What is the tens digit of v?
2
Let w(v) = v + 9. Let d be w(-4). Let z = -6 + 28. Suppose -4*f - 3 = -d*l - 9, -3*l - 4*f = -z. What is the units digit of l?
2
Let o(r) = -3*r - 9. Let w be o(-6). Let i(c) = c + 1. Let b be i(-7). What is the units digit of (b/9)/(-2)*w?
3
Suppose 4*f - 16 = 0, 4*q - 4*f - 24 + 96 = 0. Let o be q/(-63) + (-4)/18. Suppose o = -3*u + 14 + 25. What is the units digit of u?
3
Suppose -5*v = -8*v + 6. Suppose l - 14 = -5*z, -5*l + l + 8 = 4*z. Suppose -r = v*r - z. What is the units digit of r?
1
What is the units digit of (26/(-6))/((-2)/36)?
8
Let b(q) = -2*q - 6. Let u be b(-5). Suppose 7*t - u*t = 2*i + 30, 0 = -5*t + 4*i + 50. What is the units digit of t?
0
What is the units digit of (-60)/210 - (-163)/7?
3
Suppose -42 = -3*n + 18. Let s = n - 9. What is the units digit of s?
1
Let z(i) = -i**2 - i - 1. Let w(p) = 8*p**2 + 12*p + 10. Let t(s) = -2*w(s) - 22*z(s). What is the tens digit of t(3)?
5
Let v = -20 + 58. What is the tens digit of v?
3
Suppose 167 = 3*g - 157. What is the tens digit of g?
0
Let d = -1 - -11. Let r be ((-8)/d)/((-4)/110). Suppose -2*g = -2*o + 30, -5*g + r = 3*o + 1. What is the tens digit of o?
1
Let o = 22 + 33. What is the tens digit of o?
5
Suppose 5*x = -5, 3*j + 7 = -2*x - 22. Let t be 60/j*6/(-4). Suppose -l - 3*w + 0*w + t = 0, 11 = 5*l + 2*w. What is the units digit of l?
1
Suppose 0 = -6*h + 2*h - 32. Let k be -1 + 1 - (0 + h). What is the units digit of 2/k + 22/8?
3
Suppose 0 = -2*f + 104 - 16. Suppose -o - f = -5*o. Suppose o = 2*i - 5. What is the units digit of i?
8
Let v(y) = -y + 7. Let d be v(5). Suppose -8 = -2*o - d*o. What is the units digit of o?
2
Let o = -67 + 126. Suppose -o + 5 = 2*d. What is the units digit of d*(3/(-9) - 0)?
9
Let j = -66 - -136. What is the tens digit of j?
7
Let n be ((-30)/(-3))/(1/1). Let a be (-4)/10 - 26/n. What is the units digit of 1/(0 - a/21)?
7
Let g be (-6)/(-9)*12*-1. Let y(x) = -x + 6. What is the units digit of y(